{"id":36757,"date":"2025-10-02T19:30:20","date_gmt":"2025-10-02T22:30:20","guid":{"rendered":"https:\/\/congressodireitocomercial.org.br\/site2026\/?post_type=acervo&#038;p=36757"},"modified":"2025-10-03T08:25:46","modified_gmt":"2025-10-03T11:25:46","slug":"livre-iniciativa-e-precificacao-algoritmica","status":"publish","type":"acervo","link":"https:\/\/congressodireitocomercial.org.br\/site\/acervo\/livre-iniciativa-e-precificacao-algoritmica\/","title":{"rendered":"Livre iniciativa e precifica\u00e7\u00e3o algor\u00edtmica"},"content":{"rendered":"","protected":false},"featured_media":35592,"parent":0,"menu_order":0,"template":"","edicao_congresso":[181],"class_list":["post-36757","acervo","type-acervo","status-publish","has-post-thumbnail","hentry","edicao_congresso-13o-congresso"],"acf":[],"_links":{"self":[{"href":"https:\/\/congressodireitocomercial.org.br\/site\/wp-json\/wp\/v2\/acervo\/36757","targetHints":{"allow":["GET"]}}],"collection":[{"href":"https:\/\/congressodireitocomercial.org.br\/site\/wp-json\/wp\/v2\/acervo"}],"about":[{"href":"https:\/\/congressodireitocomercial.org.br\/site\/wp-json\/wp\/v2\/types\/acervo"}],"wp:featuredmedia":[{"embeddable":true,"href":"https:\/\/congressodireitocomercial.org.br\/site\/wp-json\/wp\/v2\/media\/35592"}],"wp:attachment":[{"href":"https:\/\/congressodireitocomercial.org.br\/site\/wp-json\/wp\/v2\/media?parent=36757"}],"wp:term":[{"taxonomy":"edicao_congresso","embeddable":true,"href":"https:\/\/congressodireitocomercial.org.br\/site\/wp-json\/wp\/v2\/edicao_congresso?post=36757"}],"curies":[{"name":"wp","href":"https:\/\/api.w.org\/{rel}","templated":true}]}}

Livre iniciativa e precificação algorítmica
