{"id":36760,"date":"2025-10-02T19:34:01","date_gmt":"2025-10-02T22:34:01","guid":{"rendered":"https:\/\/congressodireitocomercial.org.br\/site2026\/?post_type=acervo&#038;p=36760"},"modified":"2025-10-03T08:25:41","modified_gmt":"2025-10-03T11:25:41","slug":"dialogos-entre-o-direito-societario-e-o-direito-de-familia","status":"publish","type":"acervo","link":"https:\/\/congressodireitocomercial.org.br\/site\/acervo\/dialogos-entre-o-direito-societario-e-o-direito-de-familia\/","title":{"rendered":"Di\u00e1logos entre o Direito Societ\u00e1rio e o Direito de Fam\u00edlia"},"content":{"rendered":"","protected":false},"featured_media":35623,"parent":0,"menu_order":0,"template":"","edicao_congresso":[181],"class_list":["post-36760","acervo","type-acervo","status-publish","has-post-thumbnail","hentry","edicao_congresso-13o-congresso"],"acf":[],"_links":{"self":[{"href":"https:\/\/congressodireitocomercial.org.br\/site\/wp-json\/wp\/v2\/acervo\/36760","targetHints":{"allow":["GET"]}}],"collection":[{"href":"https:\/\/congressodireitocomercial.org.br\/site\/wp-json\/wp\/v2\/acervo"}],"about":[{"href":"https:\/\/congressodireitocomercial.org.br\/site\/wp-json\/wp\/v2\/types\/acervo"}],"wp:featuredmedia":[{"embeddable":true,"href":"https:\/\/congressodireitocomercial.org.br\/site\/wp-json\/wp\/v2\/media\/35623"}],"wp:attachment":[{"href":"https:\/\/congressodireitocomercial.org.br\/site\/wp-json\/wp\/v2\/media?parent=36760"}],"wp:term":[{"taxonomy":"edicao_congresso","embeddable":true,"href":"https:\/\/congressodireitocomercial.org.br\/site\/wp-json\/wp\/v2\/edicao_congresso?post=36760"}],"curies":[{"name":"wp","href":"https:\/\/api.w.org\/{rel}","templated":true}]}}

Diálogos entre o Direito Societário e o Direito de Família
