{"id":36766,"date":"2025-10-02T19:40:59","date_gmt":"2025-10-02T22:40:59","guid":{"rendered":"https:\/\/congressodireitocomercial.org.br\/site2026\/?post_type=acervo&#038;p=36766"},"modified":"2025-10-03T08:25:59","modified_gmt":"2025-10-03T11:25:59","slug":"o-novo-regime-da-correcao-monetaria-e-dos-juros-legais-e-contratuais","status":"publish","type":"acervo","link":"https:\/\/congressodireitocomercial.org.br\/site\/acervo\/o-novo-regime-da-correcao-monetaria-e-dos-juros-legais-e-contratuais\/","title":{"rendered":"O novo regime da corre\u00e7\u00e3o monet\u00e1ria e dos juros legais e contratuais"},"content":{"rendered":"","protected":false},"featured_media":35718,"parent":0,"menu_order":0,"template":"","edicao_congresso":[181],"class_list":["post-36766","acervo","type-acervo","status-publish","has-post-thumbnail","hentry","edicao_congresso-13o-congresso"],"acf":[],"_links":{"self":[{"href":"https:\/\/congressodireitocomercial.org.br\/site\/wp-json\/wp\/v2\/acervo\/36766","targetHints":{"allow":["GET"]}}],"collection":[{"href":"https:\/\/congressodireitocomercial.org.br\/site\/wp-json\/wp\/v2\/acervo"}],"about":[{"href":"https:\/\/congressodireitocomercial.org.br\/site\/wp-json\/wp\/v2\/types\/acervo"}],"wp:featuredmedia":[{"embeddable":true,"href":"https:\/\/congressodireitocomercial.org.br\/site\/wp-json\/wp\/v2\/media\/35718"}],"wp:attachment":[{"href":"https:\/\/congressodireitocomercial.org.br\/site\/wp-json\/wp\/v2\/media?parent=36766"}],"wp:term":[{"taxonomy":"edicao_congresso","embeddable":true,"href":"https:\/\/congressodireitocomercial.org.br\/site\/wp-json\/wp\/v2\/edicao_congresso?post=36766"}],"curies":[{"name":"wp","href":"https:\/\/api.w.org\/{rel}","templated":true}]}}

O novo regime da correção monetária e dos juros legais e contratuais
