{"id":36778,"date":"2025-10-02T20:09:55","date_gmt":"2025-10-02T23:09:55","guid":{"rendered":"https:\/\/congressodireitocomercial.org.br\/site2026\/?post_type=acervo&#038;p=36778"},"modified":"2025-10-03T08:24:45","modified_gmt":"2025-10-03T11:24:45","slug":"responsabilidade-pre-e-pos-contratual-em-operacoes-de-ma","status":"publish","type":"acervo","link":"https:\/\/congressodireitocomercial.org.br\/site\/acervo\/responsabilidade-pre-e-pos-contratual-em-operacoes-de-ma\/","title":{"rendered":"Responsabilidade pr\u00e9 e p\u00f3s contratual em opera\u00e7\u00f5es de M&amp;A"},"content":{"rendered":"","protected":false},"featured_media":35933,"parent":0,"menu_order":0,"template":"","edicao_congresso":[181],"class_list":["post-36778","acervo","type-acervo","status-publish","has-post-thumbnail","hentry","edicao_congresso-13o-congresso"],"acf":[],"_links":{"self":[{"href":"https:\/\/congressodireitocomercial.org.br\/site\/wp-json\/wp\/v2\/acervo\/36778","targetHints":{"allow":["GET"]}}],"collection":[{"href":"https:\/\/congressodireitocomercial.org.br\/site\/wp-json\/wp\/v2\/acervo"}],"about":[{"href":"https:\/\/congressodireitocomercial.org.br\/site\/wp-json\/wp\/v2\/types\/acervo"}],"wp:featuredmedia":[{"embeddable":true,"href":"https:\/\/congressodireitocomercial.org.br\/site\/wp-json\/wp\/v2\/media\/35933"}],"wp:attachment":[{"href":"https:\/\/congressodireitocomercial.org.br\/site\/wp-json\/wp\/v2\/media?parent=36778"}],"wp:term":[{"taxonomy":"edicao_congresso","embeddable":true,"href":"https:\/\/congressodireitocomercial.org.br\/site\/wp-json\/wp\/v2\/edicao_congresso?post=36778"}],"curies":[{"name":"wp","href":"https:\/\/api.w.org\/{rel}","templated":true}]}}

Responsabilidade pré e pós contratual em operações de M&amp;A
