{"id":36785,"date":"2025-10-02T20:20:39","date_gmt":"2025-10-02T23:20:39","guid":{"rendered":"https:\/\/congressodireitocomercial.org.br\/site2026\/?post_type=acervo&#038;p=36785"},"modified":"2025-10-03T08:24:28","modified_gmt":"2025-10-03T11:24:28","slug":"regime-de-responsabilidade-dos-administradores-de-sociedade-limitada-imputacao-direta-e-desconsideracao-da-personalidade-juridica","status":"publish","type":"acervo","link":"https:\/\/congressodireitocomercial.org.br\/site\/acervo\/regime-de-responsabilidade-dos-administradores-de-sociedade-limitada-imputacao-direta-e-desconsideracao-da-personalidade-juridica\/","title":{"rendered":"Regime de responsabilidade dos administradores de sociedade limitada: imputa\u00e7\u00e3o direta e desconsidera\u00e7\u00e3o da personalidade jur\u00eddica"},"content":{"rendered":"","protected":false},"featured_media":36016,"parent":0,"menu_order":0,"template":"","edicao_congresso":[181],"class_list":["post-36785","acervo","type-acervo","status-publish","has-post-thumbnail","hentry","edicao_congresso-13o-congresso"],"acf":[],"_links":{"self":[{"href":"https:\/\/congressodireitocomercial.org.br\/site\/wp-json\/wp\/v2\/acervo\/36785","targetHints":{"allow":["GET"]}}],"collection":[{"href":"https:\/\/congressodireitocomercial.org.br\/site\/wp-json\/wp\/v2\/acervo"}],"about":[{"href":"https:\/\/congressodireitocomercial.org.br\/site\/wp-json\/wp\/v2\/types\/acervo"}],"wp:featuredmedia":[{"embeddable":true,"href":"https:\/\/congressodireitocomercial.org.br\/site\/wp-json\/wp\/v2\/media\/36016"}],"wp:attachment":[{"href":"https:\/\/congressodireitocomercial.org.br\/site\/wp-json\/wp\/v2\/media?parent=36785"}],"wp:term":[{"taxonomy":"edicao_congresso","embeddable":true,"href":"https:\/\/congressodireitocomercial.org.br\/site\/wp-json\/wp\/v2\/edicao_congresso?post=36785"}],"curies":[{"name":"wp","href":"https:\/\/api.w.org\/{rel}","templated":true}]}}

Regime de responsabilidade dos administradores de sociedade limitada: imputação direta e desconsideração da personalidade jurídica
