{"id":36790,"date":"2025-10-02T20:27:50","date_gmt":"2025-10-02T23:27:50","guid":{"rendered":"https:\/\/congressodireitocomercial.org.br\/site2026\/?post_type=acervo&#038;p=36790"},"modified":"2025-10-03T08:23:05","modified_gmt":"2025-10-03T11:23:05","slug":"gravacao-de-assembleias-e-reunioes-de-socios-virtuais-e-semipresenciais","status":"publish","type":"acervo","link":"https:\/\/congressodireitocomercial.org.br\/site\/acervo\/gravacao-de-assembleias-e-reunioes-de-socios-virtuais-e-semipresenciais\/","title":{"rendered":"Grava\u00e7\u00e3o de assembl\u00e9ias e reuni\u00f5es de s\u00f3cios virtuais e semipresenciais"},"content":{"rendered":"","protected":false},"featured_media":36071,"parent":0,"menu_order":0,"template":"","edicao_congresso":[181],"class_list":["post-36790","acervo","type-acervo","status-publish","has-post-thumbnail","hentry","edicao_congresso-13o-congresso"],"acf":[],"_links":{"self":[{"href":"https:\/\/congressodireitocomercial.org.br\/site\/wp-json\/wp\/v2\/acervo\/36790","targetHints":{"allow":["GET"]}}],"collection":[{"href":"https:\/\/congressodireitocomercial.org.br\/site\/wp-json\/wp\/v2\/acervo"}],"about":[{"href":"https:\/\/congressodireitocomercial.org.br\/site\/wp-json\/wp\/v2\/types\/acervo"}],"wp:featuredmedia":[{"embeddable":true,"href":"https:\/\/congressodireitocomercial.org.br\/site\/wp-json\/wp\/v2\/media\/36071"}],"wp:attachment":[{"href":"https:\/\/congressodireitocomercial.org.br\/site\/wp-json\/wp\/v2\/media?parent=36790"}],"wp:term":[{"taxonomy":"edicao_congresso","embeddable":true,"href":"https:\/\/congressodireitocomercial.org.br\/site\/wp-json\/wp\/v2\/edicao_congresso?post=36790"}],"curies":[{"name":"wp","href":"https:\/\/api.w.org\/{rel}","templated":true}]}}

Gravação de assembléias e reuniões de sócios virtuais e semipresenciais
