{"id":37001,"date":"2025-10-03T13:07:03","date_gmt":"2025-10-03T16:07:03","guid":{"rendered":"https:\/\/congressodireitocomercial.org.br\/site2026\/?post_type=acervo&#038;p=37001"},"modified":"2025-10-03T13:07:04","modified_gmt":"2025-10-03T16:07:04","slug":"recuperacao-judicial-e-agronegocio","status":"publish","type":"acervo","link":"https:\/\/congressodireitocomercial.org.br\/site\/acervo\/recuperacao-judicial-e-agronegocio\/","title":{"rendered":"Recupera\u00e7\u00e3o Judicial e Agroneg\u00f3cio"},"content":{"rendered":"","protected":false},"featured_media":31878,"parent":0,"menu_order":0,"template":"","edicao_congresso":[182],"class_list":["post-37001","acervo","type-acervo","status-publish","has-post-thumbnail","hentry","edicao_congresso-12o-congresso"],"acf":[],"_links":{"self":[{"href":"https:\/\/congressodireitocomercial.org.br\/site\/wp-json\/wp\/v2\/acervo\/37001","targetHints":{"allow":["GET"]}}],"collection":[{"href":"https:\/\/congressodireitocomercial.org.br\/site\/wp-json\/wp\/v2\/acervo"}],"about":[{"href":"https:\/\/congressodireitocomercial.org.br\/site\/wp-json\/wp\/v2\/types\/acervo"}],"wp:featuredmedia":[{"embeddable":true,"href":"https:\/\/congressodireitocomercial.org.br\/site\/wp-json\/wp\/v2\/media\/31878"}],"wp:attachment":[{"href":"https:\/\/congressodireitocomercial.org.br\/site\/wp-json\/wp\/v2\/media?parent=37001"}],"wp:term":[{"taxonomy":"edicao_congresso","embeddable":true,"href":"https:\/\/congressodireitocomercial.org.br\/site\/wp-json\/wp\/v2\/edicao_congresso?post=37001"}],"curies":[{"name":"wp","href":"https:\/\/api.w.org\/{rel}","templated":true}]}}

Recuperação Judicial e Agronegócio
