{"id":37024,"date":"2025-10-03T14:56:21","date_gmt":"2025-10-03T17:56:21","guid":{"rendered":"https:\/\/congressodireitocomercial.org.br\/site2026\/?post_type=acervo&#038;p=37024"},"modified":"2025-10-03T14:56:23","modified_gmt":"2025-10-03T17:56:23","slug":"a-reducao-do-quorum-de-deliberacao-e-as-sociedades-existentes-lei-n-14-451-22","status":"publish","type":"acervo","link":"https:\/\/congressodireitocomercial.org.br\/site\/acervo\/a-reducao-do-quorum-de-deliberacao-e-as-sociedades-existentes-lei-n-14-451-22\/","title":{"rendered":"A redu\u00e7\u00e3o do qu\u00f3rum de delibera\u00e7\u00e3o e as sociedades existentes (Lei n. 14.451\/22)"},"content":{"rendered":"","protected":false},"featured_media":32319,"parent":0,"menu_order":0,"template":"","edicao_congresso":[182],"class_list":["post-37024","acervo","type-acervo","status-publish","has-post-thumbnail","hentry","edicao_congresso-12o-congresso"],"acf":[],"_links":{"self":[{"href":"https:\/\/congressodireitocomercial.org.br\/site\/wp-json\/wp\/v2\/acervo\/37024","targetHints":{"allow":["GET"]}}],"collection":[{"href":"https:\/\/congressodireitocomercial.org.br\/site\/wp-json\/wp\/v2\/acervo"}],"about":[{"href":"https:\/\/congressodireitocomercial.org.br\/site\/wp-json\/wp\/v2\/types\/acervo"}],"wp:featuredmedia":[{"embeddable":true,"href":"https:\/\/congressodireitocomercial.org.br\/site\/wp-json\/wp\/v2\/media\/32319"}],"wp:attachment":[{"href":"https:\/\/congressodireitocomercial.org.br\/site\/wp-json\/wp\/v2\/media?parent=37024"}],"wp:term":[{"taxonomy":"edicao_congresso","embeddable":true,"href":"https:\/\/congressodireitocomercial.org.br\/site\/wp-json\/wp\/v2\/edicao_congresso?post=37024"}],"curies":[{"name":"wp","href":"https:\/\/api.w.org\/{rel}","templated":true}]}}

A redução do quórum de deliberação e as sociedades existentes (Lei n. 14.451/22)
