{"id":37248,"date":"2025-10-04T19:05:25","date_gmt":"2025-10-04T22:05:25","guid":{"rendered":"https:\/\/congressodireitocomercial.org.br\/site2026\/?post_type=acervo&#038;p=37248"},"modified":"2025-10-04T19:05:26","modified_gmt":"2025-10-04T22:05:26","slug":"tendencias-e-atualidades-em-relacao-as-companhias-abertas-e-ao-mercado-de-capitais","status":"publish","type":"acervo","link":"https:\/\/congressodireitocomercial.org.br\/site\/acervo\/tendencias-e-atualidades-em-relacao-as-companhias-abertas-e-ao-mercado-de-capitais\/","title":{"rendered":"Tend\u00eancias e atualidades em rela\u00e7\u00e3o \u00e0s companhias abertas e ao mercado de capitais"},"content":{"rendered":"","protected":false},"featured_media":28987,"parent":0,"menu_order":0,"template":"","edicao_congresso":[184],"class_list":["post-37248","acervo","type-acervo","status-publish","has-post-thumbnail","hentry","edicao_congresso-11o-congresso"],"acf":[],"_links":{"self":[{"href":"https:\/\/congressodireitocomercial.org.br\/site\/wp-json\/wp\/v2\/acervo\/37248","targetHints":{"allow":["GET"]}}],"collection":[{"href":"https:\/\/congressodireitocomercial.org.br\/site\/wp-json\/wp\/v2\/acervo"}],"about":[{"href":"https:\/\/congressodireitocomercial.org.br\/site\/wp-json\/wp\/v2\/types\/acervo"}],"wp:featuredmedia":[{"embeddable":true,"href":"https:\/\/congressodireitocomercial.org.br\/site\/wp-json\/wp\/v2\/media\/28987"}],"wp:attachment":[{"href":"https:\/\/congressodireitocomercial.org.br\/site\/wp-json\/wp\/v2\/media?parent=37248"}],"wp:term":[{"taxonomy":"edicao_congresso","embeddable":true,"href":"https:\/\/congressodireitocomercial.org.br\/site\/wp-json\/wp\/v2\/edicao_congresso?post=37248"}],"curies":[{"name":"wp","href":"https:\/\/api.w.org\/{rel}","templated":true}]}}

Tendências e atualidades em relação às companhias abertas e ao mercado de capitais
