{"id":37251,"date":"2025-10-04T19:11:42","date_gmt":"2025-10-04T22:11:42","guid":{"rendered":"https:\/\/congressodireitocomercial.org.br\/site2026\/?post_type=acervo&#038;p=37251"},"modified":"2025-10-04T19:11:43","modified_gmt":"2025-10-04T22:11:43","slug":"plano-de-realizacao-de-ativos-na-falencia","status":"publish","type":"acervo","link":"https:\/\/congressodireitocomercial.org.br\/site\/acervo\/plano-de-realizacao-de-ativos-na-falencia\/","title":{"rendered":"Plano de Realiza\u00e7\u00e3o de Ativos na Fal\u00eancia"},"content":{"rendered":"","protected":false},"featured_media":29018,"parent":0,"menu_order":0,"template":"","edicao_congresso":[184],"class_list":["post-37251","acervo","type-acervo","status-publish","has-post-thumbnail","hentry","edicao_congresso-11o-congresso"],"acf":[],"_links":{"self":[{"href":"https:\/\/congressodireitocomercial.org.br\/site\/wp-json\/wp\/v2\/acervo\/37251","targetHints":{"allow":["GET"]}}],"collection":[{"href":"https:\/\/congressodireitocomercial.org.br\/site\/wp-json\/wp\/v2\/acervo"}],"about":[{"href":"https:\/\/congressodireitocomercial.org.br\/site\/wp-json\/wp\/v2\/types\/acervo"}],"wp:featuredmedia":[{"embeddable":true,"href":"https:\/\/congressodireitocomercial.org.br\/site\/wp-json\/wp\/v2\/media\/29018"}],"wp:attachment":[{"href":"https:\/\/congressodireitocomercial.org.br\/site\/wp-json\/wp\/v2\/media?parent=37251"}],"wp:term":[{"taxonomy":"edicao_congresso","embeddable":true,"href":"https:\/\/congressodireitocomercial.org.br\/site\/wp-json\/wp\/v2\/edicao_congresso?post=37251"}],"curies":[{"name":"wp","href":"https:\/\/api.w.org\/{rel}","templated":true}]}}

Plano de Realização de Ativos na Falência
