{"id":37255,"date":"2025-10-04T20:09:58","date_gmt":"2025-10-04T23:09:58","guid":{"rendered":"https:\/\/congressodireitocomercial.org.br\/site2026\/?post_type=acervo&#038;p=37255"},"modified":"2025-10-04T20:09:59","modified_gmt":"2025-10-04T23:09:59","slug":"segredo-de-negocios-alcance-e-limites-da-protecao-juridica","status":"publish","type":"acervo","link":"https:\/\/congressodireitocomercial.org.br\/site\/acervo\/segredo-de-negocios-alcance-e-limites-da-protecao-juridica\/","title":{"rendered":"Segredo de neg\u00f3cios: alcance e limites da prote\u00e7\u00e3o jur\u00eddica"},"content":{"rendered":"","protected":false},"featured_media":29104,"parent":0,"menu_order":0,"template":"","edicao_congresso":[184],"class_list":["post-37255","acervo","type-acervo","status-publish","has-post-thumbnail","hentry","edicao_congresso-11o-congresso"],"acf":[],"_links":{"self":[{"href":"https:\/\/congressodireitocomercial.org.br\/site\/wp-json\/wp\/v2\/acervo\/37255","targetHints":{"allow":["GET"]}}],"collection":[{"href":"https:\/\/congressodireitocomercial.org.br\/site\/wp-json\/wp\/v2\/acervo"}],"about":[{"href":"https:\/\/congressodireitocomercial.org.br\/site\/wp-json\/wp\/v2\/types\/acervo"}],"wp:featuredmedia":[{"embeddable":true,"href":"https:\/\/congressodireitocomercial.org.br\/site\/wp-json\/wp\/v2\/media\/29104"}],"wp:attachment":[{"href":"https:\/\/congressodireitocomercial.org.br\/site\/wp-json\/wp\/v2\/media?parent=37255"}],"wp:term":[{"taxonomy":"edicao_congresso","embeddable":true,"href":"https:\/\/congressodireitocomercial.org.br\/site\/wp-json\/wp\/v2\/edicao_congresso?post=37255"}],"curies":[{"name":"wp","href":"https:\/\/api.w.org\/{rel}","templated":true}]}}

Segredo de negócios: alcance e limites da proteção jurídica
