{"id":37257,"date":"2025-10-04T20:18:08","date_gmt":"2025-10-04T23:18:08","guid":{"rendered":"https:\/\/congressodireitocomercial.org.br\/site2026\/?post_type=acervo&#038;p=37257"},"modified":"2025-10-04T20:18:09","modified_gmt":"2025-10-04T23:18:09","slug":"desconsideracao-da-personalidade-juridica-na-recuperacao-judicial","status":"publish","type":"acervo","link":"https:\/\/congressodireitocomercial.org.br\/site\/acervo\/desconsideracao-da-personalidade-juridica-na-recuperacao-judicial\/","title":{"rendered":"Desconsidera\u00e7\u00e3o da personalidade jur\u00eddica na Recupera\u00e7\u00e3o Judicial"},"content":{"rendered":"","protected":false},"featured_media":29144,"parent":0,"menu_order":0,"template":"","edicao_congresso":[184],"class_list":["post-37257","acervo","type-acervo","status-publish","has-post-thumbnail","hentry","edicao_congresso-11o-congresso"],"acf":[],"_links":{"self":[{"href":"https:\/\/congressodireitocomercial.org.br\/site\/wp-json\/wp\/v2\/acervo\/37257","targetHints":{"allow":["GET"]}}],"collection":[{"href":"https:\/\/congressodireitocomercial.org.br\/site\/wp-json\/wp\/v2\/acervo"}],"about":[{"href":"https:\/\/congressodireitocomercial.org.br\/site\/wp-json\/wp\/v2\/types\/acervo"}],"wp:featuredmedia":[{"embeddable":true,"href":"https:\/\/congressodireitocomercial.org.br\/site\/wp-json\/wp\/v2\/media\/29144"}],"wp:attachment":[{"href":"https:\/\/congressodireitocomercial.org.br\/site\/wp-json\/wp\/v2\/media?parent=37257"}],"wp:term":[{"taxonomy":"edicao_congresso","embeddable":true,"href":"https:\/\/congressodireitocomercial.org.br\/site\/wp-json\/wp\/v2\/edicao_congresso?post=37257"}],"curies":[{"name":"wp","href":"https:\/\/api.w.org\/{rel}","templated":true}]}}

Desconsideração da personalidade jurídica na Recuperação Judicial
