{"id":37288,"date":"2025-10-04T22:42:48","date_gmt":"2025-10-05T01:42:48","guid":{"rendered":"https:\/\/congressodireitocomercial.org.br\/site2026\/?post_type=acervo&#038;p=37288"},"modified":"2025-10-04T22:44:32","modified_gmt":"2025-10-05T01:44:32","slug":"novos-contornos-da-desconsideracao-da-personalidade-juridica","status":"publish","type":"acervo","link":"https:\/\/congressodireitocomercial.org.br\/site\/acervo\/novos-contornos-da-desconsideracao-da-personalidade-juridica\/","title":{"rendered":"Novos contornos da desconsidera\u00e7\u00e3o da personalidade jur\u00eddica"},"content":{"rendered":"","protected":false},"featured_media":24957,"parent":0,"menu_order":0,"template":"","edicao_congresso":[185],"class_list":["post-37288","acervo","type-acervo","status-publish","has-post-thumbnail","hentry","edicao_congresso-10o-congresso"],"acf":[],"_links":{"self":[{"href":"https:\/\/congressodireitocomercial.org.br\/site\/wp-json\/wp\/v2\/acervo\/37288","targetHints":{"allow":["GET"]}}],"collection":[{"href":"https:\/\/congressodireitocomercial.org.br\/site\/wp-json\/wp\/v2\/acervo"}],"about":[{"href":"https:\/\/congressodireitocomercial.org.br\/site\/wp-json\/wp\/v2\/types\/acervo"}],"wp:featuredmedia":[{"embeddable":true,"href":"https:\/\/congressodireitocomercial.org.br\/site\/wp-json\/wp\/v2\/media\/24957"}],"wp:attachment":[{"href":"https:\/\/congressodireitocomercial.org.br\/site\/wp-json\/wp\/v2\/media?parent=37288"}],"wp:term":[{"taxonomy":"edicao_congresso","embeddable":true,"href":"https:\/\/congressodireitocomercial.org.br\/site\/wp-json\/wp\/v2\/edicao_congresso?post=37288"}],"curies":[{"name":"wp","href":"https:\/\/api.w.org\/{rel}","templated":true}]}}

Novos contornos da desconsideração da personalidade jurídica
