{"id":37304,"date":"2025-10-04T23:10:31","date_gmt":"2025-10-05T02:10:31","guid":{"rendered":"https:\/\/congressodireitocomercial.org.br\/site2026\/?post_type=acervo&#038;p=37304"},"modified":"2025-10-04T23:10:32","modified_gmt":"2025-10-05T02:10:32","slug":"a-verticalizacao-da-justica-especializada-em-direito-empresarial-a-visao-da-magistratura","status":"publish","type":"acervo","link":"https:\/\/congressodireitocomercial.org.br\/site\/acervo\/a-verticalizacao-da-justica-especializada-em-direito-empresarial-a-visao-da-magistratura\/","title":{"rendered":"A verticaliza\u00e7\u00e3o da justi\u00e7a especializada em direito empresarial: a vis\u00e3o da Magistratura"},"content":{"rendered":"","protected":false},"featured_media":25257,"parent":0,"menu_order":0,"template":"","edicao_congresso":[185],"class_list":["post-37304","acervo","type-acervo","status-publish","has-post-thumbnail","hentry","edicao_congresso-10o-congresso"],"acf":[],"_links":{"self":[{"href":"https:\/\/congressodireitocomercial.org.br\/site\/wp-json\/wp\/v2\/acervo\/37304","targetHints":{"allow":["GET"]}}],"collection":[{"href":"https:\/\/congressodireitocomercial.org.br\/site\/wp-json\/wp\/v2\/acervo"}],"about":[{"href":"https:\/\/congressodireitocomercial.org.br\/site\/wp-json\/wp\/v2\/types\/acervo"}],"wp:featuredmedia":[{"embeddable":true,"href":"https:\/\/congressodireitocomercial.org.br\/site\/wp-json\/wp\/v2\/media\/25257"}],"wp:attachment":[{"href":"https:\/\/congressodireitocomercial.org.br\/site\/wp-json\/wp\/v2\/media?parent=37304"}],"wp:term":[{"taxonomy":"edicao_congresso","embeddable":true,"href":"https:\/\/congressodireitocomercial.org.br\/site\/wp-json\/wp\/v2\/edicao_congresso?post=37304"}],"curies":[{"name":"wp","href":"https:\/\/api.w.org\/{rel}","templated":true}]}}

A verticalização da justiça especializada em direito empresarial: a visão da Magistratura
