{"id":37305,"date":"2025-10-04T23:11:58","date_gmt":"2025-10-05T02:11:58","guid":{"rendered":"https:\/\/congressodireitocomercial.org.br\/site2026\/?post_type=acervo&#038;p=37305"},"modified":"2025-10-04T23:11:59","modified_gmt":"2025-10-05T02:11:59","slug":"a-desjudicializacao-da-recuperacao-da-empresa-rec-extrajudicial-mediacao-etc","status":"publish","type":"acervo","link":"https:\/\/congressodireitocomercial.org.br\/site\/acervo\/a-desjudicializacao-da-recuperacao-da-empresa-rec-extrajudicial-mediacao-etc\/","title":{"rendered":"A desjudicializa\u00e7\u00e3o da recupera\u00e7\u00e3o da empresa (Rec. Extrajudicial, media\u00e7\u00e3o etc.)"},"content":{"rendered":"","protected":false},"featured_media":25267,"parent":0,"menu_order":0,"template":"","edicao_congresso":[185],"class_list":["post-37305","acervo","type-acervo","status-publish","has-post-thumbnail","hentry","edicao_congresso-10o-congresso"],"acf":[],"_links":{"self":[{"href":"https:\/\/congressodireitocomercial.org.br\/site\/wp-json\/wp\/v2\/acervo\/37305","targetHints":{"allow":["GET"]}}],"collection":[{"href":"https:\/\/congressodireitocomercial.org.br\/site\/wp-json\/wp\/v2\/acervo"}],"about":[{"href":"https:\/\/congressodireitocomercial.org.br\/site\/wp-json\/wp\/v2\/types\/acervo"}],"wp:featuredmedia":[{"embeddable":true,"href":"https:\/\/congressodireitocomercial.org.br\/site\/wp-json\/wp\/v2\/media\/25267"}],"wp:attachment":[{"href":"https:\/\/congressodireitocomercial.org.br\/site\/wp-json\/wp\/v2\/media?parent=37305"}],"wp:term":[{"taxonomy":"edicao_congresso","embeddable":true,"href":"https:\/\/congressodireitocomercial.org.br\/site\/wp-json\/wp\/v2\/edicao_congresso?post=37305"}],"curies":[{"name":"wp","href":"https:\/\/api.w.org\/{rel}","templated":true}]}}

A desjudicialização da recuperação da empresa (Rec. Extrajudicial, mediação etc.)
