{"id":38842,"date":"2025-10-12T11:36:01","date_gmt":"2025-10-12T14:36:01","guid":{"rendered":"https:\/\/congressodireitocomercial.org.br\/site2026\/?post_type=acervo&#038;p=38842"},"modified":"2025-10-12T11:43:28","modified_gmt":"2025-10-12T14:43:28","slug":"apuracao-de-haveres-valor-patrimonial-ou-valor-economico","status":"publish","type":"acervo","link":"https:\/\/congressodireitocomercial.org.br\/site\/acervo\/apuracao-de-haveres-valor-patrimonial-ou-valor-economico\/","title":{"rendered":"Apura\u00e7\u00e3o de Haveres: valor patrimonial ou valor econ\u00f4mico?"},"content":{"rendered":"","protected":false},"featured_media":557,"parent":0,"menu_order":0,"template":"","edicao_congresso":[188],"class_list":["post-38842","acervo","type-acervo","status-publish","has-post-thumbnail","hentry","edicao_congresso-9o-congresso"],"acf":[],"_links":{"self":[{"href":"https:\/\/congressodireitocomercial.org.br\/site\/wp-json\/wp\/v2\/acervo\/38842","targetHints":{"allow":["GET"]}}],"collection":[{"href":"https:\/\/congressodireitocomercial.org.br\/site\/wp-json\/wp\/v2\/acervo"}],"about":[{"href":"https:\/\/congressodireitocomercial.org.br\/site\/wp-json\/wp\/v2\/types\/acervo"}],"wp:featuredmedia":[{"embeddable":true,"href":"https:\/\/congressodireitocomercial.org.br\/site\/wp-json\/wp\/v2\/media\/557"}],"wp:attachment":[{"href":"https:\/\/congressodireitocomercial.org.br\/site\/wp-json\/wp\/v2\/media?parent=38842"}],"wp:term":[{"taxonomy":"edicao_congresso","embeddable":true,"href":"https:\/\/congressodireitocomercial.org.br\/site\/wp-json\/wp\/v2\/edicao_congresso?post=38842"}],"curies":[{"name":"wp","href":"https:\/\/api.w.org\/{rel}","templated":true}]}}

Apuração de Haveres: valor patrimonial ou valor econômico?
