{"id":38861,"date":"2025-10-12T12:14:07","date_gmt":"2025-10-12T15:14:07","guid":{"rendered":"https:\/\/congressodireitocomercial.org.br\/site2026\/?post_type=acervo&#038;p=38861"},"modified":"2025-10-12T12:14:09","modified_gmt":"2025-10-12T15:14:09","slug":"as-investigacoes-internas-e-a-protecao-de-dados-lei-n-13-709-18","status":"publish","type":"acervo","link":"https:\/\/congressodireitocomercial.org.br\/site\/acervo\/as-investigacoes-internas-e-a-protecao-de-dados-lei-n-13-709-18\/","title":{"rendered":"As investiga\u00e7\u00f5es internas e a Prote\u00e7\u00e3o de Dados (Lei n. 13.709\/18)"},"content":{"rendered":"","protected":false},"featured_media":758,"parent":0,"menu_order":0,"template":"","edicao_congresso":[188],"class_list":["post-38861","acervo","type-acervo","status-publish","has-post-thumbnail","hentry","edicao_congresso-9o-congresso"],"acf":[],"_links":{"self":[{"href":"https:\/\/congressodireitocomercial.org.br\/site\/wp-json\/wp\/v2\/acervo\/38861","targetHints":{"allow":["GET"]}}],"collection":[{"href":"https:\/\/congressodireitocomercial.org.br\/site\/wp-json\/wp\/v2\/acervo"}],"about":[{"href":"https:\/\/congressodireitocomercial.org.br\/site\/wp-json\/wp\/v2\/types\/acervo"}],"wp:featuredmedia":[{"embeddable":true,"href":"https:\/\/congressodireitocomercial.org.br\/site\/wp-json\/wp\/v2\/media\/758"}],"wp:attachment":[{"href":"https:\/\/congressodireitocomercial.org.br\/site\/wp-json\/wp\/v2\/media?parent=38861"}],"wp:term":[{"taxonomy":"edicao_congresso","embeddable":true,"href":"https:\/\/congressodireitocomercial.org.br\/site\/wp-json\/wp\/v2\/edicao_congresso?post=38861"}],"curies":[{"name":"wp","href":"https:\/\/api.w.org\/{rel}","templated":true}]}}

As investigações internas e a Proteção de Dados (Lei n. 13.709/18)
