{"id":38920,"date":"2025-10-12T16:42:00","date_gmt":"2025-10-12T19:42:00","guid":{"rendered":"https:\/\/congressodireitocomercial.org.br\/site2026\/?post_type=acervo&#038;p=38920"},"modified":"2025-10-12T16:41:14","modified_gmt":"2025-10-12T19:41:14","slug":"b-companies-l3c-e-cic-a-conciliacao-do-lucro-com-a-atuacao-social-da-empresa-no-seculo-xxi","status":"publish","type":"acervo","link":"https:\/\/congressodireitocomercial.org.br\/site\/acervo\/b-companies-l3c-e-cic-a-conciliacao-do-lucro-com-a-atuacao-social-da-empresa-no-seculo-xxi\/","title":{"rendered":"B Companies, L3C e CIC: a concilia\u00e7\u00e3o do lucro com a atua\u00e7\u00e3o social da empresa no S\u00e9culo XXI"},"content":{"rendered":"","protected":false},"featured_media":2139,"parent":0,"menu_order":0,"template":"","edicao_congresso":[190],"class_list":["post-38920","acervo","type-acervo","status-publish","has-post-thumbnail","hentry","edicao_congresso-7o-congresso"],"acf":[],"_links":{"self":[{"href":"https:\/\/congressodireitocomercial.org.br\/site\/wp-json\/wp\/v2\/acervo\/38920","targetHints":{"allow":["GET"]}}],"collection":[{"href":"https:\/\/congressodireitocomercial.org.br\/site\/wp-json\/wp\/v2\/acervo"}],"about":[{"href":"https:\/\/congressodireitocomercial.org.br\/site\/wp-json\/wp\/v2\/types\/acervo"}],"wp:featuredmedia":[{"embeddable":true,"href":"https:\/\/congressodireitocomercial.org.br\/site\/wp-json\/wp\/v2\/media\/2139"}],"wp:attachment":[{"href":"https:\/\/congressodireitocomercial.org.br\/site\/wp-json\/wp\/v2\/media?parent=38920"}],"wp:term":[{"taxonomy":"edicao_congresso","embeddable":true,"href":"https:\/\/congressodireitocomercial.org.br\/site\/wp-json\/wp\/v2\/edicao_congresso?post=38920"}],"curies":[{"name":"wp","href":"https:\/\/api.w.org\/{rel}","templated":true}]}}

B Companies, L3C e CIC: a conciliação do lucro com a atuação social da empresa no Século XXI
