{"id":38950,"date":"2025-10-12T17:56:06","date_gmt":"2025-10-12T20:56:06","guid":{"rendered":"https:\/\/congressodireitocomercial.org.br\/site2026\/?post_type=acervo&#038;p=38950"},"modified":"2025-10-12T17:56:08","modified_gmt":"2025-10-12T20:56:08","slug":"a-clausula-de-limitacao-de-responsabilidade","status":"publish","type":"acervo","link":"https:\/\/congressodireitocomercial.org.br\/site\/acervo\/a-clausula-de-limitacao-de-responsabilidade\/","title":{"rendered":"A cl\u00e1usula de limita\u00e7\u00e3o de responsabilidade"},"content":{"rendered":"","protected":false},"featured_media":2442,"parent":0,"menu_order":0,"template":"","edicao_congresso":[191],"class_list":["post-38950","acervo","type-acervo","status-publish","has-post-thumbnail","hentry","edicao_congresso-6o-congresso"],"acf":[],"_links":{"self":[{"href":"https:\/\/congressodireitocomercial.org.br\/site\/wp-json\/wp\/v2\/acervo\/38950","targetHints":{"allow":["GET"]}}],"collection":[{"href":"https:\/\/congressodireitocomercial.org.br\/site\/wp-json\/wp\/v2\/acervo"}],"about":[{"href":"https:\/\/congressodireitocomercial.org.br\/site\/wp-json\/wp\/v2\/types\/acervo"}],"wp:featuredmedia":[{"embeddable":true,"href":"https:\/\/congressodireitocomercial.org.br\/site\/wp-json\/wp\/v2\/media\/2442"}],"wp:attachment":[{"href":"https:\/\/congressodireitocomercial.org.br\/site\/wp-json\/wp\/v2\/media?parent=38950"}],"wp:term":[{"taxonomy":"edicao_congresso","embeddable":true,"href":"https:\/\/congressodireitocomercial.org.br\/site\/wp-json\/wp\/v2\/edicao_congresso?post=38950"}],"curies":[{"name":"wp","href":"https:\/\/api.w.org\/{rel}","templated":true}]}}

A cláusula de limitação de responsabilidade
