{"id":38953,"date":"2025-10-12T17:57:58","date_gmt":"2025-10-12T20:57:58","guid":{"rendered":"https:\/\/congressodireitocomercial.org.br\/site2026\/?post_type=acervo&#038;p=38953"},"modified":"2025-10-12T17:57:59","modified_gmt":"2025-10-12T20:57:59","slug":"inovacoes-tecnologicas-e-concorrencia-o-caso-uber","status":"publish","type":"acervo","link":"https:\/\/congressodireitocomercial.org.br\/site\/acervo\/inovacoes-tecnologicas-e-concorrencia-o-caso-uber\/","title":{"rendered":"Inova\u00e7\u00f5es tecnol\u00f3gicas e concorr\u00eancia: o caso Uber"},"content":{"rendered":"","protected":false},"featured_media":2458,"parent":0,"menu_order":0,"template":"","edicao_congresso":[191],"class_list":["post-38953","acervo","type-acervo","status-publish","has-post-thumbnail","hentry","edicao_congresso-6o-congresso"],"acf":[],"_links":{"self":[{"href":"https:\/\/congressodireitocomercial.org.br\/site\/wp-json\/wp\/v2\/acervo\/38953","targetHints":{"allow":["GET"]}}],"collection":[{"href":"https:\/\/congressodireitocomercial.org.br\/site\/wp-json\/wp\/v2\/acervo"}],"about":[{"href":"https:\/\/congressodireitocomercial.org.br\/site\/wp-json\/wp\/v2\/types\/acervo"}],"wp:featuredmedia":[{"embeddable":true,"href":"https:\/\/congressodireitocomercial.org.br\/site\/wp-json\/wp\/v2\/media\/2458"}],"wp:attachment":[{"href":"https:\/\/congressodireitocomercial.org.br\/site\/wp-json\/wp\/v2\/media?parent=38953"}],"wp:term":[{"taxonomy":"edicao_congresso","embeddable":true,"href":"https:\/\/congressodireitocomercial.org.br\/site\/wp-json\/wp\/v2\/edicao_congresso?post=38953"}],"curies":[{"name":"wp","href":"https:\/\/api.w.org\/{rel}","templated":true}]}}

Inovações tecnológicas e concorrência: o caso Uber
