{"id":38975,"date":"2025-10-12T18:18:17","date_gmt":"2025-10-12T21:18:17","guid":{"rendered":"https:\/\/congressodireitocomercial.org.br\/site2026\/?post_type=acervo&#038;p=38975"},"modified":"2025-10-12T18:18:19","modified_gmt":"2025-10-12T21:18:19","slug":"as-sancoes-nao-pecuniarias-por-infracao-a-ordem-economica","status":"publish","type":"acervo","link":"https:\/\/congressodireitocomercial.org.br\/site\/acervo\/as-sancoes-nao-pecuniarias-por-infracao-a-ordem-economica\/","title":{"rendered":"As San\u00e7\u00f5es n\u00e3o pecuni\u00e1rias por infra\u00e7\u00e3o \u00e0 ordem econ\u00f4mica"},"content":{"rendered":"","protected":false},"featured_media":2604,"parent":0,"menu_order":0,"template":"","edicao_congresso":[192],"class_list":["post-38975","acervo","type-acervo","status-publish","has-post-thumbnail","hentry","edicao_congresso-5o-congresso"],"acf":[],"_links":{"self":[{"href":"https:\/\/congressodireitocomercial.org.br\/site\/wp-json\/wp\/v2\/acervo\/38975","targetHints":{"allow":["GET"]}}],"collection":[{"href":"https:\/\/congressodireitocomercial.org.br\/site\/wp-json\/wp\/v2\/acervo"}],"about":[{"href":"https:\/\/congressodireitocomercial.org.br\/site\/wp-json\/wp\/v2\/types\/acervo"}],"wp:featuredmedia":[{"embeddable":true,"href":"https:\/\/congressodireitocomercial.org.br\/site\/wp-json\/wp\/v2\/media\/2604"}],"wp:attachment":[{"href":"https:\/\/congressodireitocomercial.org.br\/site\/wp-json\/wp\/v2\/media?parent=38975"}],"wp:term":[{"taxonomy":"edicao_congresso","embeddable":true,"href":"https:\/\/congressodireitocomercial.org.br\/site\/wp-json\/wp\/v2\/edicao_congresso?post=38975"}],"curies":[{"name":"wp","href":"https:\/\/api.w.org\/{rel}","templated":true}]}}

As Sanções não pecuniárias por infração à ordem econômica
