{"id":39006,"date":"2025-10-12T21:37:09","date_gmt":"2025-10-13T00:37:09","guid":{"rendered":"https:\/\/congressodireitocomercial.org.br\/site2026\/?post_type=acervo&#038;p=39006"},"modified":"2025-10-12T21:37:11","modified_gmt":"2025-10-13T00:37:11","slug":"limitacao-da-responsabilidade-do-empresario-individual","status":"publish","type":"acervo","link":"https:\/\/congressodireitocomercial.org.br\/site\/acervo\/limitacao-da-responsabilidade-do-empresario-individual\/","title":{"rendered":"Limita\u00e7\u00e3o da Responsabilidade do Empres\u00e1rio Individual"},"content":{"rendered":"","protected":false},"featured_media":2823,"parent":0,"menu_order":0,"template":"","edicao_congresso":[193],"class_list":["post-39006","acervo","type-acervo","status-publish","has-post-thumbnail","hentry","edicao_congresso-4o-congresso"],"acf":[],"_links":{"self":[{"href":"https:\/\/congressodireitocomercial.org.br\/site\/wp-json\/wp\/v2\/acervo\/39006","targetHints":{"allow":["GET"]}}],"collection":[{"href":"https:\/\/congressodireitocomercial.org.br\/site\/wp-json\/wp\/v2\/acervo"}],"about":[{"href":"https:\/\/congressodireitocomercial.org.br\/site\/wp-json\/wp\/v2\/types\/acervo"}],"wp:featuredmedia":[{"embeddable":true,"href":"https:\/\/congressodireitocomercial.org.br\/site\/wp-json\/wp\/v2\/media\/2823"}],"wp:attachment":[{"href":"https:\/\/congressodireitocomercial.org.br\/site\/wp-json\/wp\/v2\/media?parent=39006"}],"wp:term":[{"taxonomy":"edicao_congresso","embeddable":true,"href":"https:\/\/congressodireitocomercial.org.br\/site\/wp-json\/wp\/v2\/edicao_congresso?post=39006"}],"curies":[{"name":"wp","href":"https:\/\/api.w.org\/{rel}","templated":true}]}}

Limitação da Responsabilidade do Empresário Individual
